2. Let b = -23 - 354. Let y = -359 - b. What is the highest common divisor of k and y?
6
Let r(c) = 4*c - 21. Let l be r(10). Suppose 0 = -4*h - 702 + 1006. What is the greatest common divisor of l and h?
19
Let i(k) = 17*k - 1. Let g(b) = -18*b. Let q(z) = 3*g(z) + 2*i(z). Let x be q(2). Let p be x/49*56/(-6). What is the highest common divisor of 24 and p?
8
Let x(s) = 2*s**2 + 38*s + 301. Let t be x(-13). Let a be 13/5 - (-3)/(-5). Suppose -116 = -a*d - 2*d. What is the greatest common factor of d and t?
29
Let v = 126 - 6. Let g(m) be the first derivative of m**2 + 16*m - 337. Let l be g(4). What is the highest common divisor of l and v?
24
Let q(v) = -11*v**3 - v**2 + 3*v + 3. Let c be q(-1). Suppose -c*o = -15*o + 55. Let x = -30 + 63. What is the greatest common divisor of x and o?
11
Let r be (-12)/(-20) + 15/(-25). Suppose 28*s + 229 - 2777 = r. What is the highest common factor of 7 and s?
7
Suppose -8 = -k - k. Suppose -2*d = 33 - 41. Let j be (d*-1)/(1 + -2). What is the greatest common factor of j and k?
4
Suppose -4 = 6*k - 4*k. Let s be ((-4)/(-5) + 45/(-25))*k. Suppose -s*c + 5*o = 7*o - 22, 52 = 2*c - 4*o. What is the highest common divisor of 24 and c?
8
Let r = -292 - -296. Suppose 7*d - 3*d - 30 = -3*j, -r*j = 3*d - 19. Let n be (-2 + 1)/(1/(-3)). Calculate the greatest common factor of d and n.
3
Let n be 4*(-35)/28*-1. Suppose -n*v + 2*x + 5321 = 0, 4*v + 4*x = 7*v - 3187. What is the greatest common factor of 15 and v?
15
Let r = -2280 - -2570. What is the greatest common divisor of 40 and r?
10
Let j = -8 - -16. Let p be (4 - 2)*-2 - ((-24 - -13) + -193). Calculate the highest common divisor of j and p.
8
Let r = -608 - -824. What is the highest common factor of r and 135?
27
Let d = 251 + -140. Suppose 4*n - 348 = -4*g, -5*g - d + 570 = -3*n. Let a = -38 + g. Calculate the highest common divisor of a and 26.
26
Suppose 11*f - 100 = 9*f. Suppose -49*r - 9 = -f*r. Suppose 0 = -4*i + 272 + 52. Calculate the highest common factor of i and r.
9
Let a be (-2)/(3419/312 - 11). What is the highest common divisor of a and 544?
16
Let b be (-23)/((5 - 0) + -6). Suppose 5*i - b = 2. Suppose -3*u = -4*f - 214, i*u - f - 345 = -6*f. What is the greatest common factor of u and 35?
35
Let a(l) = 3*l**2 + 26*l + 184. Let h be (15/2)/((-2)/4). Let v be a(h). What is the greatest common factor of v and 7?
7
Let c be ((-144)/21)/((-99)/5082). What is the highest common factor of c and 544?
32
Suppose -11*p + 953 = 23*p - 713. What is the greatest common factor of p and 203?
7
Let l(z) = 724*z + 21. Let a be l(0). What is the highest common divisor of a and 39?
3
Suppose 2*d = -d - 66. Let g = 29 + d. Calculate the highest common factor of 161 and g.
7
Suppose 0 = -2*f - 2*f + 980. Suppose 2*s - 7*s + f = -3*h, -5*h - 470 = 4*s. Let d = -48 - h. Calculate the greatest common divisor of d and 105.
21
Suppose 4*r = 3*t - 11803, -t + 3*r = -0*t - 3926. What is the greatest common factor of t and 7?
7
Let o = -474 + 472. Let f be (o*165/(-10))/(3/2). What is the highest common divisor of 594 and f?
22
Suppose v + 13446 = 3*l, 5*l - 523 - 21909 = -2*v. Calculate the highest common divisor of l and 171.
19
Let i(u) = u**3 + 19*u**2 + 63*u + 47. Let j be i(-12). What is the greatest common divisor of j and 736?
23
Suppose 3*g - 1657 = -s + 96, 0 = 3*g - 5*s - 1765. What is the greatest common factor of 1105 and g?
65
Let n = 1 + 4. Let p = 23 + -65. Let s be (-9*(-3 - p/9))/(-1). What is the highest common factor of n and s?
5
Let t be 1*3*11/33. Let a be t*627*(-3)/(-9). Suppose -5*m - a = 3*o - 558, o + 65 = m. What is the highest common divisor of 170 and m?
34
Let i(c) = -3*c**2 - 30*c + 5. Let m be (-3 + 3 - -1)*3 - 12. Let u be i(m). Calculate the highest common factor of u and 88.
8
Let s be (-3)/9 + 10/3. Suppose 153 = 4*k - s*t, -k = -5*t + 6*t - 33. Let c be -1*(-2 - 0) + 2. Calculate the greatest common divisor of k and c.
4
Suppose 10 = i + 4*b - 24, 0 = -4*i - 3*b + 110. Calculate the highest common factor of 1157 and i.
13
Let h(r) = -r**3 - 5*r**2 - 4*r - 57. Let l be h(-7). Calculate the highest common divisor of 1081 and l.
23
Let f = 99 + -3. Let q be (-1 - -1)*(-5)/10. Suppose 5*z + 1 - f = q. What is the greatest common divisor of z and 57?
19
Let z be 144/(-3)*(-6)/8. Let m = -3293 - -3347. Calculate the highest common factor of z and m.
18
Let s(u) = u**2 - 7. Suppose n - 5*n + 3*x = 14, 0 = n + 5*x + 15. Let k be s(n). What is the greatest common factor of 45 and k?
9
Suppose -5*r - b + 421 = 0, 256 = 3*r + 4*b - 0*b. Let m = r + -34. Let u = 41 + m. Calculate the highest common factor of 13 and u.
13
Let p = 6229 - 6160. Suppose v - 23 = -0*v. What is the highest common divisor of v and p?
23
Let f(b) = 29*b**2 + 59*b - 174. Let o be f(3). Calculate the greatest common divisor of 968 and o.
88
Let s be (-5)/15*(-8712)/11. What is the highest common factor of s and 858?
66
Suppose 4*h + 3*s = 2055, -6*h = 24*s - 22*s - 3080. Calculate the highest common divisor of 2451 and h.
57
Suppose -3*v - 2*v - 5*n - 20 = 0, 5*v + n + 4 = 0. Let y = -58 + 33. Let j be -2 + v + 2 - (y - -1). What is the highest common divisor of 72 and j?
24
Let g = -528 + 528. Suppose g = r - 1, -t = 2*t + r - 226. Calculate the greatest common factor of t and 150.
75
Let i = -264 + 274. Let q be (-9)/(-2)*(i - 0). Calculate the greatest common divisor of q and 81.
9
Suppose 5 = -b, -26*k - 4*b - 909 = -27*k. What is the greatest common divisor of 254 and k?
127
Let s(w) = 10*w**2 + 5*w + 2. Let u be s(-15). Suppose 11*o = u - 329. Suppose 6*z - 444 = -o. What is the highest common factor of z and 138?
46
Let l be 275 + (11 + -12 - -15). Calculate the greatest common factor of l and 2.
1
Let a be 2/(1*(-1 - -5))*2. Calculate the greatest common factor of 27 and a.
1
Let b be (-63)/18*(-2970)/35. Let u be (-3)/((-252)/(-88) - (-9)/(-3)). Calculate the greatest common factor of u and b.
11
Let h = -9724 + 9744. Let n = -53 - -163. Calculate the greatest common divisor of n and h.
10
Let d = -195 + 198. Suppose p - 10 = 2*g, 8*p - 34 = d*p + 2*g. Calculate the highest common divisor of 10 and p.
2
Let i(q) = -11*q**3 + 18*q**2 + 26*q + 6. Let d be i(-1). Suppose -2*t - 810 = -7*t. Calculate the highest common factor of t and d.
9
Let b be (-12 - 62/(-93))/(1/3 - 1). Calculate the greatest common factor of 6613 and b.
17
Let x(c) = 2*c**3 + c**2 - 4*c + 1. Let p be x(-3). Let t = -27 - p. Suppose -4 = -2*i + d + t, 2*d = i. Calculate the highest common divisor of 4 and i.
2
Let k be (-28558)/(-1834) - (-4)/(-7). Calculate the highest common divisor of k and 2892.
3
Suppose 54*i = -4*k + 50*i + 5176, -3*k + 3918 = -3*i. Calculate the highest common divisor of k and 156.
52
Let j be 15 + -16 + (319 - 2). Suppose j = w + 2*w - 2*s, 0 = -4*s - 8. Let m be (-315)/(-25) - 4/(-10). Calculate the highest common divisor of w and m.
13
Let o(v) = -12*v - 474. Let g be o(-53). Calculate the greatest common divisor of 4158 and g.
54
Suppose -3*k + 273 - 264 = 0. Let z be -6*(-26 - -8 - k). What is the greatest common divisor of 56 and z?
14
Let l = 296 - 562. Let v = 298 + l. Let i be 5 - 1 - (0 - 0). What is the highest common factor of v and i?
4
Suppose -4019 = -240*c + 102682 + 79059. Calculate the greatest common factor of 144 and c.
18
Let o be ((2535/(-6))/5)/(4/(-8)). Suppose -161*j - 5032 = -o*j. What is the greatest common divisor of j and 74?
37
Suppose 2*k - 4*d = 3*k - 56, -k + 2*d = -68. Suppose -a - 3*a + k = 0. Let j(n) = -49*n - 20. Let z be j(-4). What is the highest common divisor of a and z?
16
Let p be (-28)/4 - 17/(34/(-116)). Let u(l) = -167*l - 19. Let v be u(-5). What is the greatest common factor of v and p?
51
Suppose -2*a + 5*a = 0, 2*c = -4*a + 4. Let w be c/6 - (-26550)/54. What is the highest common factor of w and 12?
12
Let w(l) = l**3 - 10*l**2 + 40*l - 947. Let r be w(13). Calculate the greatest common factor of r and 2570.
10
Let g be 1/(-4) - 82/(-8). Let p(s) = 59*s**2 - 8*s - 6. Let i be p(-1). Suppose 511 = 15*q + i. Calculate the highest common divisor of q and g.
10
Let i(m) = 33*m - 370. Let g be i(20). Calculate the greatest common factor of 30 and g.
10
Let w = 603 - 412. Suppose -2*a - 54 = 100. Let z = a + w. Calcul